{"id":40,"date":"2023-08-23T18:49:27","date_gmt":"2023-08-23T18:49:27","guid":{"rendered":"https:\/\/laotrabelleza.com\/?page_id=40"},"modified":"2024-02-17T13:30:31","modified_gmt":"2024-02-17T12:30:31","slug":"otros-servicios-de-estetica-integral","status":"publish","type":"page","link":"https:\/\/laotrabelleza.com\/index.php\/otros-servicios-de-estetica-integral\/","title":{"rendered":"Otros servicios de est\u00e9tica integral"},"content":{"rendered":"\t\t<div data-elementor-type=\"wp-page\" data-elementor-id=\"40\" class=\"elementor elementor-40\" wpc-filter-elementor-widget=\"1\">\n\t\t\t\t\t\t<section class=\"elementor-section elementor-top-section elementor-element elementor-element-6b25dd3 elementor-section-boxed elementor-section-height-default elementor-section-height-default qodef-elementor-content-no\" data-id=\"6b25dd3\" data-element_type=\"section\">\n\t\t\t\t\t\t<div class=\"elementor-container elementor-column-gap-default\">\n\t\t\t\t\t<div class=\"elementor-column elementor-col-100 elementor-top-column elementor-element elementor-element-2ae41ec\" data-id=\"2ae41ec\" data-element_type=\"column\">\n\t\t\t<div class=\"elementor-widget-wrap elementor-element-populated\">\n\t\t\t\t\t\t<div class=\"elementor-element elementor-element-4a7aaab elementor-widget elementor-widget-heading\" data-id=\"4a7aaab\" data-element_type=\"widget\" data-widget_type=\"heading.default\">\n\t\t\t\t<div class=\"elementor-widget-container\">\n\t\t\t\t\t<h2 class=\"elementor-heading-title elementor-size-default\">OTROS SERVICIOS DE ESTETICA INTEGRAL<\/h2>\t\t\t\t<\/div>\n\t\t\t\t<\/div>\n\t\t\t\t\t<\/div>\n\t\t<\/div>\n\t\t\t\t\t<\/div>\n\t\t<\/section>\n\t\t\t\t<section class=\"elementor-section elementor-top-section elementor-element elementor-element-b713701 elementor-section-boxed elementor-section-height-default elementor-section-height-default qodef-elementor-content-no\" data-id=\"b713701\" data-element_type=\"section\">\n\t\t\t\t\t\t<div class=\"elementor-container elementor-column-gap-default\">\n\t\t\t\t\t<div class=\"elementor-column elementor-col-100 elementor-top-column elementor-element elementor-element-46c42df\" data-id=\"46c42df\" data-element_type=\"column\">\n\t\t\t<div class=\"elementor-widget-wrap elementor-element-populated\">\n\t\t\t\t\t\t<div class=\"elementor-element elementor-element-0d02a17 elementor-position-left elementor-vertical-align-middle elementor-widget elementor-widget-image-box\" data-id=\"0d02a17\" data-element_type=\"widget\" data-widget_type=\"image-box.default\">\n\t\t\t\t<div class=\"elementor-widget-container\">\n\t\t\t\t\t<div class=\"elementor-image-box-wrapper\"><figure class=\"elementor-image-box-img\"><img fetchpriority=\"high\" decoding=\"async\" width=\"1920\" height=\"2560\" src=\"https:\/\/laotrabelleza.com\/wp-content\/uploads\/2023\/10\/pexels-irina-kraskova-17698354-scaled.jpg\" class=\"attachment-full size-full wp-image-9970\" alt=\"\" srcset=\"https:\/\/laotrabelleza.com\/wp-content\/uploads\/2023\/10\/pexels-irina-kraskova-17698354-scaled.jpg 1920w, https:\/\/laotrabelleza.com\/wp-content\/uploads\/2023\/10\/pexels-irina-kraskova-17698354-scaled-600x800.jpg 600w, https:\/\/laotrabelleza.com\/wp-content\/uploads\/2023\/10\/pexels-irina-kraskova-17698354-225x300.jpg 225w, https:\/\/laotrabelleza.com\/wp-content\/uploads\/2023\/10\/pexels-irina-kraskova-17698354-768x1024.jpg 768w, https:\/\/laotrabelleza.com\/wp-content\/uploads\/2023\/10\/pexels-irina-kraskova-17698354-1152x1536.jpg 1152w, https:\/\/laotrabelleza.com\/wp-content\/uploads\/2023\/10\/pexels-irina-kraskova-17698354-1536x2048.jpg 1536w\" sizes=\"(max-width: 1920px) 100vw, 1920px\" \/><\/figure><div class=\"elementor-image-box-content\"><h3 class=\"elementor-image-box-title\">CUIDADO DE MANOS Y PIES<\/h3><p class=\"elementor-image-box-description\"><p><b><u>Manicura completa:<\/u><\/b><\/p><p>Exfoliaci\u00f3n, hidrataci\u00f3n con masaje, cut\u00edculas y esmaltado.<\/p>\n<p><b><u>Manicura sencilla:<\/u><\/b><\/p>\n<p>Limado, cut\u00edculas y esmaltado.<\/p>\n<p><b><u>Pedicura completa:<\/u><\/b><\/p>\n<p>Exfoliaci\u00f3n, durezas, hidrataci\u00f3n con masaje y esmaltado.<\/p>\n<p><b><u>Pedicura sencilla:<\/u><\/b><\/p>\n<p>Limado, cut\u00edcula y esmaltado.<\/p><\/p><\/div><\/div>\t\t\t\t<\/div>\n\t\t\t\t<\/div>\n\t\t\t\t\t<\/div>\n\t\t<\/div>\n\t\t\t\t\t<\/div>\n\t\t<\/section>\n\t\t\t\t<section class=\"elementor-section elementor-top-section elementor-element elementor-element-c82658e elementor-section-boxed elementor-section-height-default elementor-section-height-default qodef-elementor-content-no\" data-id=\"c82658e\" data-element_type=\"section\">\n\t\t\t\t\t\t<div class=\"elementor-container elementor-column-gap-default\">\n\t\t\t\t\t<div class=\"elementor-column elementor-col-100 elementor-top-column elementor-element elementor-element-3234073\" data-id=\"3234073\" data-element_type=\"column\">\n\t\t\t<div class=\"elementor-widget-wrap elementor-element-populated\">\n\t\t\t\t\t\t<div class=\"elementor-element elementor-element-a7c5aab elementor-position-right elementor-vertical-align-middle elementor-widget elementor-widget-image-box\" data-id=\"a7c5aab\" data-element_type=\"widget\" data-widget_type=\"image-box.default\">\n\t\t\t\t<div class=\"elementor-widget-container\">\n\t\t\t\t\t<div class=\"elementor-image-box-wrapper\"><figure class=\"elementor-image-box-img\"><img decoding=\"async\" width=\"1707\" height=\"2560\" src=\"https:\/\/laotrabelleza.com\/wp-content\/uploads\/2023\/10\/ebb020e5-b65a-4d83-a6ec-b03f7a5d0299-scaled.jpg\" class=\"attachment-full size-full wp-image-9969\" alt=\"\" srcset=\"https:\/\/laotrabelleza.com\/wp-content\/uploads\/2023\/10\/ebb020e5-b65a-4d83-a6ec-b03f7a5d0299-scaled.jpg 1707w, https:\/\/laotrabelleza.com\/wp-content\/uploads\/2023\/10\/ebb020e5-b65a-4d83-a6ec-b03f7a5d0299-scaled-600x900.jpg 600w, https:\/\/laotrabelleza.com\/wp-content\/uploads\/2023\/10\/ebb020e5-b65a-4d83-a6ec-b03f7a5d0299-200x300.jpg 200w, https:\/\/laotrabelleza.com\/wp-content\/uploads\/2023\/10\/ebb020e5-b65a-4d83-a6ec-b03f7a5d0299-683x1024.jpg 683w, https:\/\/laotrabelleza.com\/wp-content\/uploads\/2023\/10\/ebb020e5-b65a-4d83-a6ec-b03f7a5d0299-768x1152.jpg 768w, https:\/\/laotrabelleza.com\/wp-content\/uploads\/2023\/10\/ebb020e5-b65a-4d83-a6ec-b03f7a5d0299-1024x1536.jpg 1024w, https:\/\/laotrabelleza.com\/wp-content\/uploads\/2023\/10\/ebb020e5-b65a-4d83-a6ec-b03f7a5d0299-1365x2048.jpg 1365w\" sizes=\"(max-width: 1707px) 100vw, 1707px\" \/><\/figure><div class=\"elementor-image-box-content\"><h3 class=\"elementor-image-box-title\">MIRADA Y DEPILACIONES<\/h3><p class=\"elementor-image-box-description\"><div style=\"display:flex\">\n<div style=\"flex:50%\">\n<p><b><u>Mirada:<\/u><\/b><\/p>\n\n<p>Depilaci\u00f3n con dise\u00f1o de cejas<\/p>\n<p>Tinte de cejas con henna<\/p>\n<p>Tinte de pesta\u00f1as <\/p>\n<p>Alisado de cejas <\/p>\n<p>Lifting de pesta\u00f1as <\/p>\n\n<\/div>\n<div style=\"flex:50%\">\n<p><b><u>Depilaci\u00f3n:<\/u><\/b><\/p>\n\n<p>Labio superior <\/p>\n<p>Axilas<\/p>\n<p>Brazos <\/p>\n<p>Ingles <\/p>\n<p>Medias piernas <\/p>\n<p>Piernas completas <\/p>\n<\/div>\n<\/div><\/p><\/div><\/div>\t\t\t\t<\/div>\n\t\t\t\t<\/div>\n\t\t\t\t\t<\/div>\n\t\t<\/div>\n\t\t\t\t\t<\/div>\n\t\t<\/section>\n\t\t\t\t<\/div>\n\t\t","protected":false},"excerpt":{"rendered":"<p>OTROS SERVICIOS DE ESTETICA INTEGRAL CUIDADO DE MANOS Y PIES Manicura completa: Exfoliaci\u00f3n, hidrataci\u00f3n con masaje, cut\u00edculas y esmaltado. Manicura sencilla: Limado, cut\u00edculas y esmaltado. Pedicura completa: Exfoliaci\u00f3n, durezas, hidrataci\u00f3n con masaje y esmaltado. Pedicura sencilla: Limado, cut\u00edcula y esmaltado. MIRADA Y DEPILACIONES Mirada: Depilaci\u00f3n con dise\u00f1o de cejas Tinte de cejas con henna Tinte [&hellip;]<\/p>\n","protected":false},"author":1,"featured_media":0,"parent":0,"menu_order":0,"comment_status":"closed","ping_status":"closed","template":"","meta":{"inline_featured_image":false,"footnotes":""},"_links":{"self":[{"href":"https:\/\/laotrabelleza.com\/index.php\/wp-json\/wp\/v2\/pages\/40"}],"collection":[{"href":"https:\/\/laotrabelleza.com\/index.php\/wp-json\/wp\/v2\/pages"}],"about":[{"href":"https:\/\/laotrabelleza.com\/index.php\/wp-json\/wp\/v2\/types\/page"}],"author":[{"embeddable":true,"href":"https:\/\/laotrabelleza.com\/index.php\/wp-json\/wp\/v2\/users\/1"}],"replies":[{"embeddable":true,"href":"https:\/\/laotrabelleza.com\/index.php\/wp-json\/wp\/v2\/comments?post=40"}],"version-history":[{"count":13,"href":"https:\/\/laotrabelleza.com\/index.php\/wp-json\/wp\/v2\/pages\/40\/revisions"}],"predecessor-version":[{"id":10455,"href":"https:\/\/laotrabelleza.com\/index.php\/wp-json\/wp\/v2\/pages\/40\/revisions\/10455"}],"wp:attachment":[{"href":"https:\/\/laotrabelleza.com\/index.php\/wp-json\/wp\/v2\/media?parent=40"}],"curies":[{"name":"wp","href":"https:\/\/api.w.org\/{rel}","templated":true}]}}