{"id":53,"date":"2023-08-28T13:57:24","date_gmt":"2023-08-28T13:57:24","guid":{"rendered":"https:\/\/laotrabelleza.com\/?page_id=53"},"modified":"2024-02-17T13:52:50","modified_gmt":"2024-02-17T12:52:50","slug":"sobre-mi","status":"publish","type":"page","link":"https:\/\/laotrabelleza.com\/index.php\/sobre-mi\/","title":{"rendered":"Sobre m\u00ed"},"content":{"rendered":"\t\t<div data-elementor-type=\"wp-page\" data-elementor-id=\"53\" class=\"elementor elementor-53\" wpc-filter-elementor-widget=\"1\">\n\t\t\t\t\t\t<section class=\"elementor-section elementor-top-section elementor-element elementor-element-4411385 elementor-section-boxed elementor-section-height-default elementor-section-height-default qodef-elementor-content-no\" data-id=\"4411385\" data-element_type=\"section\">\n\t\t\t\t\t\t<div class=\"elementor-container elementor-column-gap-default\">\n\t\t\t\t\t<div class=\"elementor-column elementor-col-100 elementor-top-column elementor-element elementor-element-40569c0\" data-id=\"40569c0\" data-element_type=\"column\">\n\t\t\t<div class=\"elementor-widget-wrap elementor-element-populated\">\n\t\t\t\t\t\t<div class=\"elementor-element elementor-element-4f3a61b elementor-widget elementor-widget-heading\" data-id=\"4f3a61b\" data-element_type=\"widget\" data-widget_type=\"heading.default\">\n\t\t\t\t<div class=\"elementor-widget-container\">\n\t\t\t\t\t<h1 class=\"elementor-heading-title elementor-size-large\">MI VOCACI\u00d3N SIEMPRE HAB\u00cdA SIDO CUIDAR A LAS PERSONAS, EL REGALO FUE DESCUBRIR QUE POD\u00cdA HACERLO A TRAV\u00c9S DE MIS MANOS.<\/h1>\t\t\t\t<\/div>\n\t\t\t\t<\/div>\n\t\t\t\t\t<\/div>\n\t\t<\/div>\n\t\t\t\t\t<\/div>\n\t\t<\/section>\n\t\t\t\t<section class=\"elementor-section elementor-top-section elementor-element elementor-element-4e3327f5 elementor-section-boxed elementor-section-height-default elementor-section-height-default qodef-elementor-content-no\" data-id=\"4e3327f5\" data-element_type=\"section\">\n\t\t\t\t\t\t<div class=\"elementor-container elementor-column-gap-default\">\n\t\t\t\t\t<div class=\"elementor-column elementor-col-100 elementor-top-column elementor-element elementor-element-53fec40e\" data-id=\"53fec40e\" data-element_type=\"column\">\n\t\t\t<div class=\"elementor-widget-wrap elementor-element-populated\">\n\t\t\t\t\t\t<div class=\"elementor-element elementor-element-470551f elementor-widget__width-initial elementor-widget elementor-widget-text-editor\" data-id=\"470551f\" data-element_type=\"widget\" data-widget_type=\"text-editor.default\">\n\t\t\t\t<div class=\"elementor-widget-container\">\n\t\t\t\t\t\t\t\t\t<p><\/p>\n<p style=\"text-align: left;\"><img fetchpriority=\"high\" decoding=\"async\" class=\" wp-image-9845 alignright\" src=\"https:\/\/laotrabelleza.com\/wp-content\/uploads\/2023\/10\/Manos-200x300.png\" alt=\"\" width=\"354\" height=\"531\" srcset=\"https:\/\/laotrabelleza.com\/wp-content\/uploads\/2023\/10\/Manos-200x300.png 200w, https:\/\/laotrabelleza.com\/wp-content\/uploads\/2023\/10\/Manos-600x902.png 600w, https:\/\/laotrabelleza.com\/wp-content\/uploads\/2023\/10\/Manos-681x1024.png 681w, https:\/\/laotrabelleza.com\/wp-content\/uploads\/2023\/10\/Manos-768x1154.png 768w, https:\/\/laotrabelleza.com\/wp-content\/uploads\/2023\/10\/Manos-1022x1536.png 1022w, https:\/\/laotrabelleza.com\/wp-content\/uploads\/2023\/10\/Manos-1363x2048.png 1363w\" sizes=\"(max-width: 354px) 100vw, 354px\" \/><\/p>\n<p style=\"text-align: justify;\">Antes de comenzar me gustar\u00eda decir que mi intenci\u00f3n es que esta sea una presentaci\u00f3n honesta sobre mi persona y no un simple CV con fechas de inicio y final de estudios o experiencias laborales. Entiendo que puede no encajar con lo que todo el mundo espera, pero al igual que este proyecto que no pretende gustar a todo el mundo, \u00e9sto es \u00fanica y exclusivamente lo que yo soy.\u00a0<\/p>\n<p style=\"text-align: justify;\">Mi nombre es Alba y aunque sonar\u00eda id\u00edlico decir que la est\u00e9tica siempre fue mi sue\u00f1o, la verdad es que acab\u00e9 en este mundo totalmente por casualidad.\u00a0<\/p>\n<p style=\"text-align: justify;\">Desde peque\u00f1a fui una persona creativa interesada por las artes y la m\u00fasica\u00a0 pero con mucha sensibilidad, empat\u00eda y una necesidad innata de ayudar a los dem\u00e1s. Mis primeras opciones fueron las artes y la psicolog\u00eda, pero\u00a0 al terminar el bachillerato art\u00edstico, la vida, como a tantas personas, me llev\u00f3 por otros caminos. El regalo fue descubrir a\u00f1os despu\u00e9s, donde menos lo esperaba, que pod\u00eda cumplir mi sue\u00f1o de otra manera; a trav\u00e9s de mis manos.\u00a0<\/p>\n<p style=\"text-align: justify;\">Termin\u00e9 mis estudios como esteticista en 2010 y despu\u00e9s de varios a\u00f1os trabajando como terapeuta en diferentes centros de SPA &amp; Wellness me gradu\u00e9 como SPA Manager. Ah\u00ed empez\u00f3 la etapa m\u00e1s complicada y al mismo tiempo m\u00e1s enriquecedora de mi vida profesional. Con s\u00f3lo 23 a\u00f1os estaba al frente de un centro SPA &amp; Wellness referencia en el sector y dos a\u00f1os m\u00e1s tarde, coordinaba todos los centros de Baleares de una multinacional. Por supuesto todo lo que s\u00e9 a d\u00eda de hoy se lo debo a estas experiencias pero tambi\u00e9n aprend\u00ed que prefiero la calidad a la cantidad, que no me gustan las prisas y que resueno mejor en proyectos peque\u00f1os y personales que creados en serie.\u00a0<\/p>\n<p style=\"text-align: justify;\">El amor me trajo de vuelta a Salamanca en 2018 y gracias a eso tengo lo m\u00e1s valioso en mi vida a d\u00eda de hoy: mi familia. Pero fue al comenzar de nuevo en el mundo de la est\u00e9tica cuando empec\u00e9 a sentir que \u00e9se no era mi sitio, que este sector no encajaba con mis valores y que ten\u00eda que haber una manera diferente de hacer las cosas; una manera diferente de tratar a las personas y todo lo que tiene que ver con su belleza, que partiera desde el respeto a la singularidad de cada uno de nosotros y que lejos de intentar igualarnos, nos ayudara a descubrir nuestras virtudes y a convivir con nuestros defectos.<\/p>\n<p style=\"text-align: justify;\">Despu\u00e9s de intentar encajar en diferentes proyectos en los que me sent\u00eda vac\u00eda y de una \u00faltima experiencia laboral para olvidar, llegu\u00e9 a la conclusi\u00f3n de que la importancia reside no tanto en lo que hacemos sino en c\u00f3mo lo hacemos y fue en ese momento en el que decid\u00ed crear Alma.\u00a0<\/p>\n<p style=\"text-align: justify;\">Un espacio en el que poder ofrecer esta visi\u00f3n de la est\u00e9tica respetuosa para aquellas personas que sientan mis mismas inquietudes y que busquen cuidarse desde la libertad de querer hacerlo.\u00a0<\/p>\n<p style=\"text-align: justify;\">\u00a0<\/p>\n<p style=\"text-align: justify;\">\u00a0<\/p>\n<p style=\"text-align: justify;\">-Alba Moro Saura-<\/p>\n<p style=\"text-align: left;\">\u00a0<\/p>\n<p style=\"text-align: left;\">\u00a0<\/p>\n<p><\/p>\n<p>\u00a0<\/p>\n<p><\/p>\n<p>\u00a0<\/p>\n<p><\/p>\n<p>\u00a0<\/p>\n<p><\/p>\t\t\t\t\t\t\t\t<\/div>\n\t\t\t\t<\/div>\n\t\t\t\t\t<\/div>\n\t\t<\/div>\n\t\t\t\t\t<\/div>\n\t\t<\/section>\n\t\t\t\t<section class=\"elementor-section elementor-top-section elementor-element elementor-element-5024059 elementor-section-boxed elementor-section-height-default elementor-section-height-default qodef-elementor-content-no\" data-id=\"5024059\" data-element_type=\"section\">\n\t\t\t\t\t\t<div class=\"elementor-container elementor-column-gap-default\">\n\t\t\t\t\t<div class=\"elementor-column elementor-col-100 elementor-top-column elementor-element elementor-element-023d140\" data-id=\"023d140\" data-element_type=\"column\">\n\t\t\t<div class=\"elementor-widget-wrap elementor-element-populated\">\n\t\t\t\t\t\t\t<\/div>\n\t\t<\/div>\n\t\t\t\t\t<\/div>\n\t\t<\/section>\n\t\t\t\t<\/div>\n\t\t","protected":false},"excerpt":{"rendered":"<p>MI VOCACI\u00d3N SIEMPRE HAB\u00cdA SIDO CUIDAR A LAS PERSONAS, EL REGALO FUE DESCUBRIR QUE POD\u00cdA HACERLO A TRAV\u00c9S DE MIS MANOS. Antes de comenzar me gustar\u00eda decir que mi intenci\u00f3n es que esta sea una presentaci\u00f3n honesta sobre mi persona y no un simple CV con fechas de inicio y final de estudios o experiencias [&hellip;]<\/p>\n","protected":false},"author":1,"featured_media":0,"parent":0,"menu_order":0,"comment_status":"closed","ping_status":"closed","template":"","meta":{"inline_featured_image":false,"footnotes":""},"_links":{"self":[{"href":"https:\/\/laotrabelleza.com\/index.php\/wp-json\/wp\/v2\/pages\/53"}],"collection":[{"href":"https:\/\/laotrabelleza.com\/index.php\/wp-json\/wp\/v2\/pages"}],"about":[{"href":"https:\/\/laotrabelleza.com\/index.php\/wp-json\/wp\/v2\/types\/page"}],"author":[{"embeddable":true,"href":"https:\/\/laotrabelleza.com\/index.php\/wp-json\/wp\/v2\/users\/1"}],"replies":[{"embeddable":true,"href":"https:\/\/laotrabelleza.com\/index.php\/wp-json\/wp\/v2\/comments?post=53"}],"version-history":[{"count":43,"href":"https:\/\/laotrabelleza.com\/index.php\/wp-json\/wp\/v2\/pages\/53\/revisions"}],"predecessor-version":[{"id":10474,"href":"https:\/\/laotrabelleza.com\/index.php\/wp-json\/wp\/v2\/pages\/53\/revisions\/10474"}],"wp:attachment":[{"href":"https:\/\/laotrabelleza.com\/index.php\/wp-json\/wp\/v2\/media?parent=53"}],"curies":[{"name":"wp","href":"https:\/\/api.w.org\/{rel}","templated":true}]}}