{"id":9551,"date":"2023-09-27T10:55:58","date_gmt":"2023-09-27T08:55:58","guid":{"rendered":"https:\/\/laotrabelleza.com\/?page_id=9551"},"modified":"2024-02-17T13:02:44","modified_gmt":"2024-02-17T12:02:44","slug":"cuidado-holistico","status":"publish","type":"page","link":"https:\/\/laotrabelleza.com\/index.php\/cuidado-holistico\/","title":{"rendered":"Avanzados"},"content":{"rendered":"\t\t<div data-elementor-type=\"wp-page\" data-elementor-id=\"9551\" class=\"elementor elementor-9551\" wpc-filter-elementor-widget=\"1\">\n\t\t\t\t\t\t<section class=\"elementor-section elementor-top-section elementor-element elementor-element-46e966c elementor-section-boxed elementor-section-height-default elementor-section-height-default qodef-elementor-content-no\" data-id=\"46e966c\" data-element_type=\"section\">\n\t\t\t\t\t\t<div class=\"elementor-container elementor-column-gap-default\">\n\t\t\t\t\t<div class=\"elementor-column elementor-col-100 elementor-top-column elementor-element elementor-element-326fecb\" data-id=\"326fecb\" data-element_type=\"column\">\n\t\t\t<div class=\"elementor-widget-wrap elementor-element-populated\">\n\t\t\t\t\t\t<div class=\"elementor-element elementor-element-e449413 elementor-widget elementor-widget-heading\" data-id=\"e449413\" data-element_type=\"widget\" data-widget_type=\"heading.default\">\n\t\t\t\t<div class=\"elementor-widget-container\">\n\t\t\t\t\t<h2 class=\"elementor-heading-title elementor-size-default\">TRATAMIENTOS AVANZADOS\u200b<\/h2>\t\t\t\t<\/div>\n\t\t\t\t<\/div>\n\t\t\t\t\t<\/div>\n\t\t<\/div>\n\t\t\t\t\t<\/div>\n\t\t<\/section>\n\t\t\t\t<section class=\"elementor-section elementor-top-section elementor-element elementor-element-aa417bb elementor-section-boxed elementor-section-height-default elementor-section-height-default qodef-elementor-content-no\" data-id=\"aa417bb\" data-element_type=\"section\">\n\t\t\t\t\t\t<div class=\"elementor-container elementor-column-gap-default\">\n\t\t\t\t\t<div class=\"elementor-column elementor-col-100 elementor-top-column elementor-element elementor-element-7141573\" data-id=\"7141573\" data-element_type=\"column\">\n\t\t\t<div class=\"elementor-widget-wrap elementor-element-populated\">\n\t\t\t\t\t\t<div class=\"elementor-element elementor-element-efaf9e8 elementor-widget__width-initial elementor-widget elementor-widget-text-editor\" data-id=\"efaf9e8\" data-element_type=\"widget\" data-widget_type=\"text-editor.default\">\n\t\t\t\t<div class=\"elementor-widget-container\">\n\t\t\t\t\t\t\t\t\t<p><img fetchpriority=\"high\" decoding=\"async\" class=\"wp-image-9880 alignleft\" src=\"https:\/\/laotrabelleza.com\/wp-content\/uploads\/2023\/10\/nuestro-adn-y-valores-300x169.jpg\" alt=\"\" width=\"350\" height=\"197\" srcset=\"https:\/\/laotrabelleza.com\/wp-content\/uploads\/2023\/10\/nuestro-adn-y-valores-300x169.jpg 300w, https:\/\/laotrabelleza.com\/wp-content\/uploads\/2023\/10\/nuestro-adn-y-valores-600x338.jpg 600w, https:\/\/laotrabelleza.com\/wp-content\/uploads\/2023\/10\/nuestro-adn-y-valores-1024x576.jpg 1024w, https:\/\/laotrabelleza.com\/wp-content\/uploads\/2023\/10\/nuestro-adn-y-valores-768x432.jpg 768w, https:\/\/laotrabelleza.com\/wp-content\/uploads\/2023\/10\/nuestro-adn-y-valores-1536x864.jpg 1536w, https:\/\/laotrabelleza.com\/wp-content\/uploads\/2023\/10\/nuestro-adn-y-valores-2048x1152.jpg 2048w\" sizes=\"(max-width: 350px) 100vw, 350px\" \/><\/p><p style=\"text-align: left;\"><a id=\"parrafo1\"><\/a><span style=\"text-decoration: underline;\"><strong>Elixir Repair:<\/strong><\/span><\/p><p style=\"text-align: justify;\">Tratamiento ultra reparador ideal para las pieles que necesitan reparaci\u00f3n en rostro, cuello y escote. Durante el tratamiento, se realiza un masaje completo mediante la t\u00e9cnica exclusiva SCENS Renew, consiguiendo resultados \u00fanicos junto a una experiencia sensorial sin precedentes. Gracias a LE MASQUE ULTRA RICHE y L\u2019ELIXIR y sus poderosos extractos reparadores como la manteca de Karit\u00e9 y el Ginkgo Biloba, se obtiene una intensa regeneraci\u00f3n del tejido y una tez tersa e iluminada.<\/p><p><a id=\"parrafo2\"><\/a><span style=\"text-decoration: underline;\"><strong>Eternal lifting experience:<\/strong><\/span><\/p><p style=\"text-align: justify;\">Ic\u00f3nico tratamiento facial reafirmante realizado con cosm\u00e9ticos y mascarillas que disponen de un alto contenido en activos regeneradores y antiedad que aportan todos los antioxidantes y nutrientes necesarios para reafirmar la piel y devolverle su elasticidad. Acompa\u00f1ados del masaje LE FACELIFT SCENS, los m\u00fasculos se relajan, la piel se ilumina y el \u00f3valo facial recupera su definici\u00f3n y firmeza.<\/p><p><img decoding=\"async\" class=\" wp-image-9878 alignright\" src=\"https:\/\/laotrabelleza.com\/wp-content\/uploads\/2023\/10\/protocolos-y-tratamientos-200x300.jpg\" alt=\"\" width=\"265\" height=\"398\" srcset=\"https:\/\/laotrabelleza.com\/wp-content\/uploads\/2023\/10\/protocolos-y-tratamientos-200x300.jpg 200w, https:\/\/laotrabelleza.com\/wp-content\/uploads\/2023\/10\/protocolos-y-tratamientos-600x900.jpg 600w, https:\/\/laotrabelleza.com\/wp-content\/uploads\/2023\/10\/protocolos-y-tratamientos.jpg 667w\" sizes=\"(max-width: 265px) 100vw, 265px\" \/><\/p><p><a id=\"parrafo3\"><\/a><span style=\"text-decoration: underline;\"><strong>Wow, the treatment:<\/strong><\/span><\/p><p style=\"text-align: justify;\">Nuevo tratamiento facial exclusivo a base de \u00e1cidos de \u00faltima generaci\u00f3n AHAs, BHAs y PHAs, que aporta al rostro un extra de luminosidad, mejorando la textura y la hidrataci\u00f3n de la piel.<br \/>Ideal para atenuar los da\u00f1os causados por la radiaci\u00f3n solar y la poluci\u00f3n. Este tratamiento se adapta a todo tipo de pieles, proporcionando un verdadero BOOSTER de jugosidad y efecto WOW. Especialmente indicado para las pieles apagadas y desvitalizadas.<\/p>\t\t\t\t\t\t\t\t<\/div>\n\t\t\t\t<\/div>\n\t\t\t\t\t<\/div>\n\t\t<\/div>\n\t\t\t\t\t<\/div>\n\t\t<\/section>\n\t\t\t\t<\/div>\n\t\t","protected":false},"excerpt":{"rendered":"<p>TRATAMIENTOS AVANZADOS\u200b Elixir Repair: Tratamiento ultra reparador ideal para las pieles que necesitan reparaci\u00f3n en rostro, cuello y escote. Durante el tratamiento, se realiza un masaje completo mediante la t\u00e9cnica exclusiva SCENS Renew, consiguiendo resultados \u00fanicos junto a una experiencia sensorial sin precedentes. Gracias a LE MASQUE ULTRA RICHE y L\u2019ELIXIR y sus poderosos extractos [&hellip;]<\/p>\n","protected":false},"author":1,"featured_media":0,"parent":0,"menu_order":0,"comment_status":"closed","ping_status":"closed","template":"","meta":{"inline_featured_image":false,"footnotes":""},"_links":{"self":[{"href":"https:\/\/laotrabelleza.com\/index.php\/wp-json\/wp\/v2\/pages\/9551"}],"collection":[{"href":"https:\/\/laotrabelleza.com\/index.php\/wp-json\/wp\/v2\/pages"}],"about":[{"href":"https:\/\/laotrabelleza.com\/index.php\/wp-json\/wp\/v2\/types\/page"}],"author":[{"embeddable":true,"href":"https:\/\/laotrabelleza.com\/index.php\/wp-json\/wp\/v2\/users\/1"}],"replies":[{"embeddable":true,"href":"https:\/\/laotrabelleza.com\/index.php\/wp-json\/wp\/v2\/comments?post=9551"}],"version-history":[{"count":54,"href":"https:\/\/laotrabelleza.com\/index.php\/wp-json\/wp\/v2\/pages\/9551\/revisions"}],"predecessor-version":[{"id":10440,"href":"https:\/\/laotrabelleza.com\/index.php\/wp-json\/wp\/v2\/pages\/9551\/revisions\/10440"}],"wp:attachment":[{"href":"https:\/\/laotrabelleza.com\/index.php\/wp-json\/wp\/v2\/media?parent=9551"}],"curies":[{"name":"wp","href":"https:\/\/api.w.org\/{rel}","templated":true}]}}